f 32 and 47776?
32
What is the highest common factor of 95 and 50293?
19
What is the highest common factor of 4768 and 30843?
149
Calculate the highest common factor of 8 and 2636.
4
Calculate the greatest common factor of 132880 and 2718.
302
What is the highest common factor of 246 and 14104?
82
What is the highest common divisor of 13 and 57941?
13
What is the highest common factor of 448 and 29072?
16
What is the greatest common factor of 24 and 124164?
12
Calculate the greatest common factor of 50 and 22675.
25
Calculate the highest common factor of 320 and 124255.
5
What is the highest common factor of 121866 and 114?
114
What is the highest common divisor of 534421 and 61?
61
Calculate the greatest common factor of 92196 and 780.
156
Calculate the highest common divisor of 2016 and 263808.
288
Calculate the highest common divisor of 7458 and 18306.
678
Calculate the highest common divisor of 8050 and 18676.
322
What is the greatest common factor of 45661 and 693?
77
Calculate the greatest common factor of 589398 and 690.
138
Calculate the highest common divisor of 108 and 2523258.
54
Calculate the greatest common divisor of 4615 and 488267.
923
What is the greatest common factor of 78824 and 48?
8
Calculate the highest common factor of 24125 and 772.
193
What is the greatest common divisor of 104397 and 25024?
391
Calculate the greatest common divisor of 3609 and 149573.
401
What is the greatest common factor of 96 and 122214?
6
Calculate the highest common divisor of 12299 and 6275.
251
What is the highest common factor of 1834 and 70?
14
What is the highest common factor of 951480 and 200?
40
What is the greatest common divisor of 4639851 and 9?
9
Calculate the highest common divisor of 164099 and 21362.
971
What is the highest common divisor of 32986 and 19?
1
Calculate the greatest common factor of 1617 and 818664.
231
Calculate the greatest common factor of 1732920 and 630.
210
Calculate the highest common factor of 19185 and 75.
15
Calculate the highest common factor of 41005 and 15.
5
What is the highest common divisor of 41 and 98851?
41
What is the greatest common factor of 509928 and 24?
24
What is the greatest common factor of 3072 and 1164?
12
What is the greatest common factor of 56 and 304598?
14
Calculate the greatest common factor of 402 and 3161931.
201
What is the highest common divisor of 273258 and 141?
141
Calculate the highest common divisor of 240 and 332592.
48
Calculate the highest common factor of 5434 and 43054.
418
Calculate the highest common divisor of 248 and 7832.
8
What is the greatest common divisor of 278765 and 1905?
635
Calculate the highest common divisor of 69954 and 1506.
6
Calculate the greatest common divisor of 14268 and 435.
87
Calculate the highest common divisor of 13981 and 565037.
341
What is the highest common divisor of 17098 and 1328?
166
Calculate the highest common divisor of 221 and 178483.
17
Calculate the greatest common factor of 340 and 29280.
20
Calculate the highest common divisor of 128 and 153600.
128
Calculate the greatest common factor of 24402 and 157368.
498
What is the greatest common divisor of 1832 and 104?
8
Calculate the highest common divisor of 234 and 82602.
234
Calculate the highest common divisor of 55225 and 130425.
1175
What is the highest common factor of 455 and 8085?
35
Calculate the highest common factor of 49 and 668675.
7
What is the greatest common factor of 1767 and 456?
57
What is the greatest common divisor of 6 and 1469436?
6
Calculate the highest common factor of 12 and 14500.
4
What is the highest common factor of 4851061 and 393?
131
Calculate the highest common divisor of 194240 and 200.
40
What is the greatest common divisor of 97986 and 70?
14
Calculate the highest common factor of 140910 and 3003.
231
What is the greatest common factor of 1134615 and 45?
15
What is the highest common factor of 63 and 15253?
7
What is the greatest common factor of 102762 and 54?
54
What is the highest common divisor of 10440 and 1820?
20
Calculate the highest common divisor of 51 and 7837.
17
Calculate the highest common factor of 1904 and 3213.
119
What is the highest common divisor of 1128 and 2712?
24
What is the greatest common factor of 50 and 395350?
50
Calculate the greatest common divisor of 38517 and 666.
111
Calculate the greatest common divisor of 9171890 and 910.
910
What is the highest common divisor of 15026 and 242?
22
What is the greatest common factor of 90 and 3126?
6
What is the highest common divisor of 260 and 26620?
20
What is the highest common factor of 203 and 3199?
7
Calculate the highest common factor of 217 and 432481.
217
Calculate the greatest common divisor of 9025 and 200.
25
Calculate the greatest common factor of 606 and 162.
6
What is the highest common divisor of 1072440 and 993?
993
Calculate the highest common divisor of 2672 and 62.
2
Calculate the highest common divisor of 9100 and 375050.
650
What is the highest common divisor of 11264 and 264?
88
Calculate the highest common factor of 1836 and 7263.
27
What is the greatest common divisor of 342 and 1059402?
114
Calculate the highest common divisor of 7871 and 391.
17
What is the highest common divisor of 446336 and 132?
44
Calculate the greatest common divisor of 4085 and 79895.
95
Calculate the highest common factor of 10376 and 621263.
1297
Calculate the greatest common divisor of 108 and 2944.
4
What is the highest common factor of 332 and 15604?
332
What is the highest common factor of 102 and 75786?
102
What is the highest common divisor of 194970 and 388?
194
Calculate the greatest common divisor of 155841 and 984.
123
What is the highest common divisor of 461862 and 486?
162
Calculate the greatest common divisor of 17381 and 195.
13
Calculate the highest common factor of 2876641 and 113.
113
What is the greatest common factor of 16 and 398932?
4
Calculate the greatest common factor of 4944 and 66126.
618
Calculate the highest common divisor of 9828 and 97227.
351
What is the greatest common factor of 24 and 246216?
24
Calculate the highest common divisor of 18 and 12834.
18
What is the highest common divisor of 280054 and 6?
2
What is the highest common divisor of 350576 and 48?
16
Calculate the greatest common divisor of 2211 and 3435157.
737
What is the highest common factor of 326 and 2134322?
326
What is the highest common divisor of 7107297 and 3?
3
Calculate the highest common divisor of 6479 and 10450.
209
Calculate the highest common divisor of 15851 and 3537.
131
What is the greatest common divisor of 18 and 101096?
2
Calculate the greatest common factor of 43544 and 8.
8
Calculate the greatest common divisor of 6494 and 68.
34
What is the greatest common divisor of 79347 and 15?
3
Calculate the highest common factor of 7704 and 41409.
963
What is the greatest common factor of 2275 and 4459?
91
Calculate the highest common divisor of 5040 and 455.
35
What is the highest common factor of 189392 and 56?
56
What is the highest common divisor of 17115 and 1680?
105
What is the highest common divisor of 2320 and 115?
5
Calculate the greatest common divisor of 3252 and 108.
12
What is the greatest common divisor of 190 and 6150?
10
What is the highest common divisor of 128 and 70752?
32
Calculate the greatest common divisor of 208 and 8762.
26
Calculate the greatest common factor of 8 and 525868.
4
What is the highest common divisor of 20 and 205460?
20
Calculate the greatest common factor of 312 and 51.
3
What is the highest common factor of 1032 and 11094?
258
Calculate the highest common factor of 7139 and 1573.
121
Calculate the highest common divisor of 12051 and 4134.
39
Calculate the highest common divisor of 640 and 11358080.
640
What is the greatest common factor of 8920 and 280?
40
Calculate the highest common factor of 201024 and 86552.
2792
Calculate the highest common factor of 1786563 and 18.
9
Calculate the greatest common factor of 13308 and 372.
12
Calculate the greatest common divisor of 4062166 and 194.
194
Calculate the highest common factor of 752 and 232744.
376
What is the highest common factor of 692462 and 116?
58
What is the greatest common divisor of 288 and 708?
12
Calculate the highest common divisor of 1856316 and 168.
84
Wh